0000100110000
25d8c (base 15) to base 10
121182
5654286 (base 10) to base 9
11567200
Convert -4059a (base 14) to base 4.
-211302130
What is -117328 (base 14) in base 16?
-91868
What is -197a52 (base 12) in base 5?
-103332204
Convert -47418 (base 15) to base 11.
-145648
Convert -2421376 (base 12) to base 15.
-937513
Convert -74802 (base 12) to base 14.
-3dba2
What is 121211010122 (base 3) in base 5?
41043224
What is 431773 (base 8) in base 11?
99524
-351844 (base 9) to base 13
-75292
Convert -111312221 (base 4) to base 14.
-2489b
5b4b32 (base 14) to base 7
35363262
What is 601874 (base 10) in base 13?
180c50
Convert -759868 (base 10) to base 3.
-1102121100021
What is 111001101100111110 (base 2) in base 14?
621c2
What is 2a65171 (base 11) in base 3?
100212122100200
Convert 1013102323 (base 4) to base 13.
a2bc8
What is -39d31 (base 16) in base 6?
-5024305
431562 (base 9) to base 10
257069
What is ca853 (base 14) in base 12?
1b7735
What is 99c10 (base 14) in base 5?
43412211
What is -2868b (base 14) in base 15?
-1e9c3
Convert -146983a (base 13) to base 9.
-13213465
11331122101 (base 4) to base 13
429118
Convert 542347 (base 11) to base 4.
3103221033
66862 (base 13) to base 15
3a18a
-1200200022 (base 4) to base 3
-202002012210
What is -206765 (base 9) in base 3?
-20020212012
Convert a7b9a9 (base 13) to base 10.
3938684
42415 (base 8) to base 10
17677
What is 126c8c3 (base 13) in base 12?
1b223b8
What is -546477 (base 8) in base 14?
-4acb5
225433 (base 6) to base 4
10232331
What is -23111020 (base 4) in base 5?
-2441113
Convert 3421343032 (base 5) to base 11.
4325571
What is -11202311131 (base 4) in base 15?
-1da98a
Convert 3749a (base 14) to base 8.
410320
101110000110111010001 (base 2) to base 7
15561566
31650220 (base 7) to base 6
133521421
Convert -100220121200211 (base 3) to base 7.
-62526145
Convert -102210212211011 (base 3) to base 11.
-35a7743
Convert -1437ab (base 12) to base 16.
-528b3
What is -52398 (base 10) in base 7?
-305523
Convert -2784261 (base 9) to base 7.
-16010011
Convert 3433134320 (base 5) to base 16.
75a026
What is -267708a (base 12) in base 8?
-35047252
-4621723 (base 9) to base 4
-21201000201
Convert 1533324 (base 6) to base 3.
11120201121
Convert 30120123 (base 6) to base 5.
204201402
Convert -1e233 (base 15) to base 9.
-158843
What is -2a9175 (base 11) in base 13?
-13aa46
Convert -3790a (base 12) to base 13.
-28552
What is -2241123 (base 5) in base 2?
-1001110011100011
What is 1da7b4 (base 14) in base 5?
233104302
Convert 100101011001011001010 (base 2) to base 7.
13262435
What is -61679 (base 10) in base 14?
-18699
Convert 45045331 (base 6) to base 4.
11023320313
What is -146567 (base 8) in base 11?
-36578
Convert -3038114 (base 11) to base 14.
-9daabc
Convert -2210233203 (base 4) to base 12.
-286603
1348099 (base 12) to base 5
1440014430
c0318 (base 16) to base 2
11000000001100011000
Convert d981cd (base 14) to base 15.
9a5a25
4995228 (base 10) to base 7
60313230
What is -c87903 (base 13) in base 11?
-2720952
What is -230100100 (base 4) in base 10?
-181264
2231340 (base 5) to base 7
223303
What is -b421 (base 15) in base 4?
-21102220
What is -1136031 (base 9) in base 16?
-960af
What is -3142122 (base 5) in base 3?
-2200102002
Convert 699482 (base 10) to base 4.
2222301122
Convert -96798 (base 13) to base 3.
-111210111000
-2243223100 (base 5) to base 12
-1839273
Convert 6f377 (base 16) to base 14.
bc02b
What is -25133100 (base 6) in base 16?
-c4a7c
What is 121212010202 (base 3) in base 16?
51014
24126bb (base 13) to base 15
eaa75d
-1110100010000010010110 (base 2) to base 11
-2172099
What is 100101111100010010000 (base 2) in base 6?
42351532
-e813d (base 15) to base 16
-b3b21
Convert -359a0 (base 16) to base 12.
-a7080
What is -5024432 (base 6) in base 5?
-30040100
What is -9745 (base 13) in base 9?
-31737
What is -21023 (base 15) in base 4?
-121203102
What is -3424698 (base 10) in base 6?
-201223030
-5235616 (base 8) to base 7
-14553600
What is -2013131 (base 5) in base 9?
-48258
-216070 (base 8) to base 16
-11c38
Convert 31020111 (base 4) to base 12.
27159
Convert -2554633 (base 8) to base 2.
-10101101100110011011
What is -3ab318 (base 12) in base 10?
-973316
-32414002 (base 6) to base 15
-14150b
Convert -10000110010001101011 (base 2) to base 9.
-1027405
Convert 45437 (base 9) to base 6.
352011
-1171727 (base 9) to base 5
-130401423
Convert 11222122101 (base 3) to base 12.
48977
Convert -1543303 (base 8) to base 10.
-444099
-3559a9 (base 13) to base 2
-100110101111001010001
Convert 1c848b (base 13) to base 6.
23410412
Convert 6bb2 (base 12) to base 2.
10111100110110
c4da8 (base 14) to base 12
1aa834
What is 4011c (base 13) in base 7?
654432
Convert -222122101212 (base 3) to base 10.
-524444
What is 1553734 (base 9) in base 3?
1121210211011
Convert 13a5a2 (base 11) to base 12.
a68a1
Convert 15948 (base 15) to base 10.
69593
Convert -23a575 (base 13) to base 4.
-3033303230
Convert -667b4 (base 14) to base 15.
-4d960
What is 241641526 (base 7) in base 15?
14c4ed7
Convert 1100000011100110110100 (base 2) to base 13.
868725
Convert 11000110001101 (base 2) to base 4.
3012031
-251d3c4 (base 14) to base 7
-304331134
Convert 604454 (base 7) to base 13.
37829
What is 26365 (base 10) in base 3?
1100011111
-8851b5 (base 13) to base 9
-6032425
What is 3647352 (base 8) in base 15?
14c3cc
Convert -10100010101010101 (base 2) to base 16.
-14555
Convert 12030310001 (base 4) to base 5.
404002340
-22011223231 (base 4) to base 7
-31323355
What is 2662ec (base 16) in base 15?
34a5cc
Convert 1111000110010000001 (base 2) to base 16.
78c81
What is 15553646 (base 7) in base 8?
5603501
-36286 (base 14) to base 13
-4824c
Convert -ad2a9 (base 15) to base 8.
-2063516
-2173a3 (base 11) to base 9
-577320
Convert 232354 (base 11) to base 13.
cc010
-3167735 (base 11) to base 10
-5573782
What is 386059 (base 10) in base 14?
a0999
What is 3003002331 (base 4) in base 3?
1111120220020
What is 263336 (base 8) in base 13?
32a7c
Convert 88143 (base 13) to base 12.
ba640
-122020000222 (base 3) to base 7
-2611241
What is -157ad (base 15) in base 11?
-48024
Convert a2072 (base 11) to base 16.
2469f
Convert 349099 (base 14) to base 12.
725027
130001303132 (base 4) to base 8
34016336
What is 2062043 (base 9) in base 8?
4153601
What is -112104243 (base 5) in base 6?
-14443534
Convert 1871 (base 9) to base 7.
4126
Convert 124340101 (base 5) to base 16.
97adc
Convert 130354a (base 11) to base 4.
20213212212
What is b81586 (base 14) in base 16?
5f0522
What is -225040 (base 7) in base 5?
-2241114
What is -3494c (base 14) in base 8?
-372070
What is -ab138 (base 12) in base 15?
-471db
-5011757 (base 11) to base 14
-1270302
Convert -1400086 (base 9) to base 8.
-2733343
Convert -8906 (base 10) to base 9.
-13185
What is -1be79f (base 16) in base 9?
-3386533
Convert 1211320232 (base 4) to base 15.
839bb
-22853307 (base 9) to base 15
-e9ea54
-c92683 (base 13) to base 3
-22212200222201
120201022100122 (base 3) to base 12
2969198
Convert -273390 (base 11) to base 5.
-102212134
10259208 (base 10) to base 16
9c8b08
Convert -395b8 (base 14) to base 7.
-1125221
-165130 (base 14) to base 4
-2332333012
What is 150345054 (base 6) in base 7?
35265625
Convert 37a4bb (base 13) to base 9.
2456427
Convert 277618 (base 14) to base 16.
14d3e6
What is -550543224 (base 6) in base 10?
-9842560
Convert 1301014232 (base 6) to base 14.
202aaa8
Convert 2758ba (base 12) to base 13.
19b157
What is 54132320 (base 6) in base 2?
110000110010000111000
-1011100001101111 (base 2) to base 15
-deca
What is 556536 (base 8) in base 15?
3a962
-30110300 (base 4) to base 2
-1100010100110000
-3003242 (base 7) to base 15
-6edbe
What is c84a (base 14) in base 13?
12968
161441 (base 9) to base 13
363a3
What is -460837 (base 9) in base 6?
-5530524
Convert 103330323033 (base 4) to base 2.
10011111100111011001111
What is -3665441 (base 7) in base 8?
-1626167
What is -10da31 (base 16) in base 6?
-35401041
-119532 (base 10) to base 12
-59210
-2336801 (base 9) to base 7
-13515163
What is -22001024 (base 5) in base 7?
-1411024
-3c474 (base 14) to base 9
-246424
Convert -10436602 (base 7) to base 6.
-31144104
-2789682 (base 14) to base 9
-40037606
-8091a (base 11) to base 8
-346736
Convert -1061306 (base 8) to base 3.
-112